6 + 24)/(2/5). Let p(y) = -239*y - 2115. Let a be p(-9). What is the highest common factor of k and a?
9
Let j = -558 + 563. Suppose -2*k - 23 = -c - 5*k, 5*c - 60 = -4*k. Let v be (-18)/(((-1)/5)/(c/j)). Calculate the highest common divisor of 16 and v.
16
Let i(d) = d**3 - 10*d**2 - 4*d - 21. Let w be i(13). Let b be 1025/7 - (-248)/w. Calculate the highest common factor of 49 and b.
49
Suppose 0 = 16*n - 1748 - 1132. Suppose -4*t = -3*t - n. What is the highest common divisor of 15 and t?
15
Suppose 5 = p - 3*u - 14, 2*u + 76 = 4*p. Suppose -g - 4*i + 258 = -2*g, -2*g + 5*i = 519. Let d = -205 - g. What is the highest common divisor of p and d?
19
Let y be (0 - -8)/(-40 + 42). Suppose y*a + 2*x + 826 = 5*a, -3*a + 2488 = -4*x. Calculate the highest common divisor of a and 38.
38
Suppose 3*u - 197 = -50. Suppose -15778 = -27*g + 4*g. Calculate the highest common divisor of g and u.
49
Suppose 314 = -624*p + 626*p - 4*k, -4*p + 5*k + 640 = 0. Calculate the highest common divisor of 1188 and p.
33
Let j = -2495 + 3974. Calculate the highest common divisor of j and 68.
17
Suppose 11*q - q - 1200 = 0. Let k = q - 22. Calculate the greatest common divisor of 7 and k.
7
Let z(r) = 3*r**2 - 134*r - 266. Let b be z(-2). Calculate the greatest common factor of b and 1128.
2
Let u = -60 + 93. Let n = -43 - -44. Let x be (-1)/(-9)*-3*-69 - n. Calculate the highest common divisor of x and u.
11
Suppose -1279*i - 33611 = -1298*i. Calculate the greatest common divisor of 61 and i.
61
Let g = -887 + 900. Let l(w) = -7*w + 97. Let i be l(g). What is the greatest common divisor of i and 8?
2
Let o = 5563 + -5541. Calculate the greatest common factor of o and 20614.
22
Let q be (414 + 0 + 686/49)/((-1)/(-25)). Calculate the highest common divisor of 10 and q.
10
Let l be (-811765)/(-85) + (-15)/85. Calculate the greatest common divisor of 100 and l.
50
Let j be -14 + -3 - (-8466)/102. Calculate the highest common divisor of 1408 and j.
22
Suppose -10*y + 50 = -537 - 2473. What is the greatest common divisor of y and 126?
18
Let k be 67304/(-564)*18/(-4). Calculate the greatest common factor of k and 24.
3
Let v = -2064 - -7120. What is the highest common factor of 158 and v?
158
Suppose -73 = -a + 49. Suppose -119*j = -a*j + 18. Calculate the greatest common divisor of 10 and j.
2
Let f be 13/(36/(-16)*8/(-216)). Calculate the highest common factor of 286 and f.
26
Let j = 139 + -134. Let k(m) = -2*m**3 + 11*m**2 + m - 11. Let d be k(j). What is the highest common divisor of d and 133?
19
Let g be ((-12)/(4 + 0))/((-9)/42). Suppose -2*i = -4*v + 232, i - 5*i - 240 = -4*v. Calculate the highest common divisor of v and g.
14
Let p be -2 + (-88)/(-16) + 82/4. What is the highest common divisor of 2556 and p?
12
Let o be (-7)/(-21)*924/4 + (0 - 5). What is the highest common divisor of o and 774?
18
Let r be ((-8)/(-2))/(7/5 - 1). Let k be (-4)/r - ((-222)/(-10))/(-3). Let v(z) = 8*z - 44. Let l be v(k). What is the highest common factor of 72 and l?
12
Let l(v) = 7*v**2 + 29*v + 2. Let w(s) = -6*s**2 - 31*s - 1. Let k(r) = 5*l(r) + 4*w(r). Let q be k(-3). What is the greatest common factor of 378 and q?
42
Let s be (-350)/8*(-29 + 9). Let k be 0 - s/((-56)/8). Calculate the highest common factor of 15 and k.
5
Let s = 6562 + -5572. Calculate the highest common divisor of s and 880.
110
Suppose -1150*o + 1192*o - 7980 = 0. What is the greatest common divisor of o and 1368?
38
Suppose 315*j - 151200 = 147*j. Calculate the highest common factor of 7500 and j.
300
Let i = 819 + -735. Let m be (1 - -5 - 4)*48. Calculate the highest common divisor of i and m.
12
Let b(l) = -2*l**3 + 58*l**2 + 91*l + 40. Let j be b(26). What is the greatest common divisor of 18 and j?
18
Suppose 2*q - 8 = 4*f + 6, 5*f = 5*q - 15. Let j(x) = x**2 - 5*x - 15. Let v be j(f). Calculate the highest common divisor of v and 357.
21
Suppose 5 = 3*d - 4. Suppose -p = -5*c - 119, p - 3*c = d*p - 186. What is the highest common divisor of p and 9?
9
Suppose 0 = 5*v + c - 332, v + 2*c - c - 64 = 0. Suppose u - 2*f = -v + 261, 2*u + f - 398 = 0. Calculate the highest common divisor of u and 18.
18
Suppose -g = -18*n + 16*n - 116, g - 3*n = 123. Calculate the greatest common factor of 170 and g.
34
Let m be (-7928)/(-36) - (1 - 77/99). What is the highest common divisor of m and 100?
20
Let j be (7747/5)/(-2*(-9)/90). What is the greatest common factor of j and 61?
61
Let n be 6*-2*126/(-4). Let o(g) = 2*g**3 - 81*g**2 + 52*g - 396. Let j be o(40). Calculate the greatest common factor of j and n.
42
Let o = 1734 - 858. Calculate the highest common divisor of o and 18.
6
Let p be (2/(-4))/((-6)/(-5772)). Let i = -347 - p. Calculate the greatest common factor of 469 and i.
67
Suppose -o = 4*n - 1, -2*o + 4*o = -3*n + 2. Let u(m) = 0 + 2 + n - 18*m. Let l be u(-1). What is the highest common divisor of 40 and l?
20
Suppose 13*y - 64 = 5*y. Let g be y/(-16) + (-147)/2. Let a = -43 - g. What is the highest common divisor of 279 and a?
31
Let m = -1001 - -1261. What is the highest common divisor of m and 60?
20
Let p = -1420 + 3220. What is the highest common factor of p and 50?
50
Suppose 6*w - 80 + 50 = 0. Suppose y + 8*x = 3*x + 195, 5*y + w*x = 895. What is the highest common factor of 25 and y?
25
Let h = -571 - -576. Let n = h + 259. What is the greatest common divisor of 24 and n?
24
Let c(d) = -51*d**3 - 4*d**2 - 3*d - 2. Let f be c(-2). Suppose -f = -31*b + 9*b. What is the greatest common factor of 216 and b?
18
Let r be 16/(2 - (-12)/(-8)) + -1. Let y be (-4)/(19 - 3) + (-993)/(-4). What is the greatest common divisor of r and y?
31
Suppose 0 = -2*p - 5*t - 25 + 480, 5*p = 4*t + 1088. Let r = -12523 + 12543. What is the highest common divisor of r and p?
20
Let j(a) = 41*a + 6. Let u be j(1). Let l = -84 - -40. Let y = l + u. Calculate the highest common divisor of y and 5.
1
Suppose -533 - 627 = -4*i. Let k be (102/(-85))/((12/i)/(-3)). Let l = k + -85. What is the highest common divisor of 3 and l?
1
Let f = -19962 + 20130. Calculate the greatest common factor of f and 3808.
56
Let n(r) = -3*r + 41. Let c(s) = s - 1. Let i(u) = 4*c(u) - n(u). Let t be i(15). Suppose 51 = 3*b - 21. Calculate the highest common factor of t and b.
12
Suppose 0 = 6*w - 73 - 41. Suppose -w*c + 27*c - 2744 = 0. What is the greatest common factor of 49 and c?
49
Let w be (2/6)/(1/3). Let r(s) = -5*s - 31. Let t be r(-7). Suppose 4*z - 5 = -l, -z - 2*z = l - t. Calculate the highest common factor of w and l.
1
Let m = -18624 + 18696. Calculate the greatest common divisor of m and 1674.
18
Let n be (8 - 1)/(-5 + 6). Suppose 0*f + 2*f - 274 = 4*m, -271 = -2*f + m. Let x be (-30)/f + 128/9. Calculate the greatest common divisor of x and n.
7
Let i be 14/21 - (-6)/(-9). Let j be (-4 - (-15)/5)*-1 + i. What is the greatest common factor of 3 and j?
1
Suppose 54*v + 14*v - 413 = 1015. What is the highest common divisor of v and 411?
3
Let r = 28707 - 11221. What is the highest common divisor of r and 42?
14
Let t(u) = 11*u**2 - 183*u + 142. Let s be t(17). What is the highest common divisor of s and 8505?
105
Let z = 666 + -170. Suppose 488 = 5*j + 4*v + 360, -3*j - 3*v + 84 = 0. Calculate the greatest common factor of j and z.
16
Suppose 0 = 88*w - 97*w + 360. Let a(q) = -7*q**2 + 6*q - 10. Let r be a(5). Let k = r - -255. Calculate the greatest common divisor of k and w.
20
Let b(a) = 2*a**3 + 77*a**2 - 645*a - 22. Let t be b(10). Calculate the greatest common factor of t and 48.
12
Let i = -26 - 79. Suppose 13429 = -3*f + 5*d, -120*f + 115*f + 4*d = 22373. Let b be f/i - -3*2/(-10). Calculate the greatest common divisor of 105 and b.
21
Let v = 12219 - 12162. What is the greatest common factor of 102 and v?
3
Let l(d) = d + 69. Let m be l(0). Let s = 20433 - 20341. Calculate the greatest common divisor of s and m.
23
Let x be (2 - -5) + (23 - -8). Let l be 220/(-33)*(x/(-5) - 2). Calculate the highest common divisor of l and 128.
64
Suppose 2*d + d + 63 = -q, 0 = 3*q - 2*d + 167. Let w = -39 - q. Suppose -12 = 4*i - 4*f - 104, -100 = -5*i + 2*f. What is the highest common factor of w and i?
18
Suppose -39*z + 34*z + 175 = 3*l, 153 = 4*z + 5*l. Let x(d) = 3*d - 1. Let u be (-12 - -3)*(-2)/6. Let j be x(u). What is t